hat is (6 - (11 - (-6 + 8 + -4))) + -5?
-12
Evaluate -22 + 48 + -19 + 12.
19
Evaluate -9 - (-5 - (3 + -10)).
-11
(-1 - 0) + (9 - -1 - 17)
-8
Calculate -26 + -10 + 25 + (9 - 0).
-2
-2 + -1 - -17 - 0
14
What is -3 - (-9 + 4 + -2 - -12)?
-8
What is (-6 - (-2 + 7 + (2 - 15))) + 3?
5
Calculate 46 + -41 + (-1 - 6) + 2.
0
What is (16 - 26) + (3 - -9)?
2
What is the value of -26 - (1 + -18 + (-4 - -5))?
-10
Calculate -9 + 8 + (3 - 3 - -13).
12
Evaluate 10 + (7 - -3) + -19.
1
What is (-3 + 3 - 4) + 4?
0
Evaluate 3 + -1 + -13 + 11 - (16 - 19).
3
Calculate -9 + 6 + 14 - (17 + -4).
-2
What is -1 - -5 - ((2 - (-10 - -7)) + -4)?
3
6 + 9 + (-17 - (-7 + (0 - 2)))
7
Evaluate -11 + 8 - (-1 + 4 + 1) - -19.
12
26 + -7 + (2 - ((-4 - 0) + 5))
20
What is (1 - (-9 + 15)) + -11 + -5?
-21
What is 17 - (39 - (9 + -4))?
-17
What is the value of -24 + 35 + (-5 - 9)?
-3
-1 - (13 - 2) - (3 - (0 + 10))
-5
What is the value of (1 - -1) + 1 + -3 - (-14 - -13)?
1
Evaluate 6 - 1 - (-2 - (-6 - -2)).
3
Calculate -10 + 2 + (80 - 52) - (5 + 0).
15
-2 + (1 + -1 - (-6 + 0 + 4))
0
Calculate (-11 - -2) + (16 - (15 + -20 - 16)).
28
What is the value of 0 + (-6 - -14) + -21 + 26?
13
Calculate -5 - (-3 + -9) - 20.
-13
-3 - (16 + -15 - -20)
-24
What is the value of -52 + -8 + 31 - -53?
24
What is (-3 - -3) + 0 + (7 + -5 - -6)?
8
(20 - -3) + (21 + -17 - 6)
21
Calculate -1 + 3 + 48 + -52.
-2
What is the value of (0 + (-3 - 7) - -1) + (-25 - -20)?
-14
Evaluate 27 + -28 + (7 - -8).
14
What is -9 + 2 + (10 - 3) - -8?
8
-1 - (-13 + 4 + -4 + 0) - 1
11
Calculate (-15 - (-7 + -27)) + -32.
-13
What is the value of -10 + 8 - (-8 - 0) - 10?
-4
Evaluate 8 + -3 - (13 - 0).
-8
Evaluate 41 + -23 + 8 + -5.
21
What is 6 + -7 + -5 - (-7 + 7)?
-6
(-1 - (13 + -29)) + -10
5
What is the value of -9 - ((-1 - 6 - -14) + (-8 - -2))?
-10
(-13 - (1 - -10)) + 6
-18
What is the value of -16 - (-19 - (-12 + -9) - -10)?
-28
Evaluate -6 + 0 - (16 - (18 + 0 + -5)).
-9
Evaluate -4 + 0 + 10 + -14 + 16.
8
Evaluate 2 + 5 + (5 - (-7 - -29)).
-10
What is 23 + -18 + (-1 - -1) + (-2 - 1)?
2
Calculate -2 + -2 + (21 + -6 - 10) + -10.
-9
Calculate (-12 - -2) + (143 - 135).
-2
2 + -25 - ((-14 - -11 - 2) + -5)
-13
Calculate 84 - (-14 - -67) - (17 - 1).
15
-1 + -7 + 20 + -5
7
Evaluate (1 + 2 - 1) + (-6 - (-9 - -9)).
-4
Evaluate -9 + (4 + -14 - -6 - -14).
1
Calculate -15 - (-9 - (-3 - 5)) - -6.
-8
Calculate (9 - (19 - 27)) + -23.
-6
What is the value of 48 - 36 - (7 + 13)?
-8
-20 + 2 + -1 + (-18 - -9) + 13
-15
What is the value of 10 - 10 - (-3 - (-3 - -6))?
6
Evaluate (100 - 74) + -4 + -7.
15
What is 8 + (-1 - -1) + -2 + (-672 - -680)?
14
34 + 0 + (-80 - -25) + 49
28
280 + -270 - (4 + -1 - (7 + -7))
7
Calculate 63 + -21 - 23 - 3.
16
What is (1 - (-1 + -30)) + (2 - (-13 + 22))?
25
What is the value of 1 - (5 + 4 + -10)?
2
-22 + (-4 - (-7 - -11)) + 7
-23
13 + (11 - 20) - -3
7
0 + -4 - -20 - (-27 - (-20 + 4))
27
Evaluate (-5 + 2 - 3 - (-20 + 2)) + -6.
6
Evaluate -7 - (-4 - (7 - ((-7 - -14) + 7))).
-10
What is -14 - -13 - (3 + -7 + -8)?
11
What is (-12 - -1) + 0 + 7?
-4
Evaluate 27 - 17 - (13 + -10 + -2 + 0).
9
Evaluate 4 + (5 + -11 + 1 - (-2 + -1)).
2
What is (-1 - (3 - 5 - -5)) + (-1 - 2)?
-7
What is (-1 + -1 - -5) + -26 + (23 - 22)?
-22
Evaluate 10 - (-6 - (-10 + -5)).
1
-10 + 54 + -21 + 13
36
What is the value of 2 + 6 + 9 + -15 + 28 + -18?
12
Evaluate -2 - (-10 + 9) - (-8 - -4) - -29.
32
What is the value of -9 + 10 + 4 + (-4 - 18) + -1?
-18
What is (18 + (-7 - (7 + -4)) - -20) + -7?
21
What is (1 - 1) + (3 - (-9 - (-29 - -15)))?
-2
What is 0 + -1 + 1 + (9 - 9) + -9?
-9
What is (-11 - -30 - 46) + 43?
16
What is -4 - -15 - (13 - -8)?
-10
Evaluate 23 - (8 - (12 - 22)) - 5.
0
Calculate 1 + 1 + -5 + 15 + -61 + 66.
17
What is -22 + 14 + (0 - -1) + -6 + 6?
-7
-2 - -5 - (45 + -34) - -15
7
Calculate -6 + (-1 + -2 - 0 - (1 - 3)).
-7
What is the value of 29 + -36 - 28 - -27?
-8
What is the value of -6 - (-6 - (15 + 7))?
22
Evaluate 3 + -1 + 28 + (25 - 33).
22
Evaluate (41 - 20) + ((-2 - -6) + -6 - -13).
32
What is the value of 12 - (5 + -13 + (0 - -20) - -1)?
-1
Calculate -6 + (-15 + 15 - -12).
6
What is 2 + (-33 - -33) + (-1 - -4 - 2)?
3
What is -1 + (17 - (2 + -7 + 11))?
10
What is -3 + (-19 - -25) + (-10 - (2 - 4))?
-5
Evaluate 1 + -4 + (4 - 2) + -4.
-5
Evaluate 2 + 4 + (19 - (5 + 0) - 12).
8
What is the value of (8 + -5 - -3) + -6 + (12 - -1)?
13
Calculate -7 - 4 - -6 - (3 + (-13 - 6)).
11
-21 - (-19 + 15 - -3)
-20
(0 - -3) + -23 + 6 + 7
-7
Calculate 1 + 7 - (34 + -5 + -4).
-17
Calculate 12 + (18 - (25 + 0)).
5
21 - 9 - 7 - (-22 + 19)
8
What is the value of (-12 - -11) + (-8 - (-3 + -1)) + -2?
-7
What is (20 - 46 - (-9 + 0)) + (-1 - 8)?
-26
22 + 61 + -44 + 1
40
What is 3 + 9 + -8 + (16 - 9) + -7?
4
What is -15 + 25 + -6 - -3?
7
Evaluate (-21 - -25) + 19 + -4.
19
Calculate 3 + -12 - (22 - 40).
9
What is the value of -25 - (0 - 7 - (-22 - -22 - 3))?
-21
Calculate 38 + -2 - (33 + 0 + -20).
23
What is 1 + -6 - (-41 + -3 + (27 - 10))?
22
Evaluate 4 + 10 + (-14 - 2).
-2
-13 + -7 + 15 + 10
5
What is the value of (-12 - -11) + (-4 - -9)?
4
What is the value of (-2 - -23) + -46 + 7?
-18
What is the value of 1 + -2 + 3 + -3 - (-16 + -1)?
16
Calculate (-38 - (-35 + -20)) + 12 + -1.
28
What is the value of 259 + -259 + 0 + 1 + -4?
-3
Evaluate 24 + (-39 - -13) - -14.
12
Evaluate 5 + -1 - (1 + 1) - (99 + -104).
7
Evaluate -15 - (4 + -3) - (54 + -48).
-22
Evaluate 8 + 19 + -30 - 11.
-14
What is the value of 1 + (-12 - -14 - -12) + 1?
16
Evaluate -12 + (-410 + 396 - (-17 - -1)).
-10
What is the value of 2 + (0 + 2 - (11 - 0)) + -9?
-16
What is 5 + (14 - (0 + 2 + 5)) + -7?
5
-1312 - -1310 - (-1 + 10)
-11
Evaluate (21 - (41 + -39)) + 0 + 8.
27
Calculate (-7 - (-3 + -4 + 5)) + 3.
-2
Calculate (5 - -6) + (-7 - -2) - 0 - -2.
8
Calculate 15 + (5 - (6 - -2)) + -3 + 2.
11
What is the value of 11 + 13 + -31 + -3?
-10
1 + 10 - 2 - (4 + -11)
16
What is the value of 2 + (-3 - -21) + (-14 - (-14 + 3))?
17
Calculate 17 - ((-9 - -29) + -6).
3
Calculate 2 + -1 + 12 + (34 - 47) - -15.
15
What is -45 + 34 + 1 - -19?
9
Calculate 1 + 1 + 17 + -23 + -5 + 2.
-7
What is the value of 0 + (6 - -1) + (-48 - -44)?
3
What is the value of 28 + -28 + (-3 + 5 - 6 - -18)?
14
What is the value of 22 + -11 + 22 + -28?
5
What is 16 + (9 - 0) + (-4 - 11)?
10
Evaluate -20 + (-44 - (-62 + 15)).
-17
What is the value of 1232 - 1267 - (1 + -38)?
2
(10 - (4 + 9 - 28)) + 5
30
What is -7 - (1 + 0) - (-60 - (-37 - 17))?
-2
Evaluate 7 + -36 + 14 + 20.
5
What is the value of -7 + (-13 - (-41 - -10)) - (1 + -18)?
28
-20 - (-3 + (5 - (1 - 7 - -9)))
-19
What is -268 + 288 + 0 + -50?
-30
Calculate -88 + 68 - (5 - -1).
-26
Calculate -13 + (9 - -17) - (30 - 4).
-13
26 - 10 - (33 - 19)
2
25 + -21 - (6 + -3)
1
Evaluate 13 + 3 + -22 + -18 + 50.
26
What is 13 + (-9 - (3 - 2)) + (-19 - 2)?
-18
Evaluate -26 - -3 - -2 - (4 - 14).
-11
Calculate -1 - 2 - -19 - 24 - 28.
-36
-46 + 57 + (6 + -2 - (2 + -4))
17
Calculate (-1 + (0 + 5 - 5) - -7) + 3.
9
What is the value of -12 + (41 + -29 - (-25 + 1))?
24
Calculate 29 + 9 + -1 + (-17 - 3).
17
What is the value of 4 + (8 - 9 - 18)?
-15
Calculate -1 - (10 + -4) - (0 - 30).
23
Evaluate -34 - -32 - (6 - (-3 + 3)).
-8
Calculate 2 + 0 + 6 + (0 - -7) + -12.
3
What is 1 + (-2 + -1 + -3 - 1)?
-6
-1 - 12 - (153 - 140)
-26
What is (8 - 0) + (-321 + 340 - (18 + 2))?
7
(-13 - (2 + -4 - 11)) + (1 - -5)
6
What is the value of -11 + 10 - (7 + (-5 - (-4 - -2)))?
-5
Calculate 19 - (5 - (-12 + 5)).
7
What is the value of -12 - 1 - (2 - 19)?
4
Evaluate (-12 - -11) + 0 + 2 + 1.
2
-16 + (-4 - 5 - -8) - -6
-11
Calculate (0 - 5 - (0 + -1) - -6) + -3.
-1
868 + -848 + (-1 + -10 - 1)
8
Evaluate ((1 - -5) + -1 - -2) + -4 + 9.
12
Calculate -1 + 0 + 12 + 2.
13
What is the value of (4 - (16 + (0 - 7) + -5)) + 12?
12
7 + 9 + 61 + -54
23
What is 4 - (-4 - -4) - (3 + 14 + -13)?
0
What is 1 + 35 - (-21 - (-22 - (-11 - -14)))?
32
Evaluate 16 - (2 + (2 - -3)) - 2.
7
What is the value of (3 - -4 - 18 - 10) + -10?
-31
Calculate (32 + -30 - (0 - (-23 + 1))) + 7.
-13
Evaluate 25 + -3 - (10 - 2).
14
What is the value of (8 - 3 - -2) + (563 - 568)?
2
-1 - ((-1 - 13) + 0)
13
What is 4 - ((0 - 5) + (2 - 5) + 8)?
4
What is the value of 13 - (3 + 13) - (-3 + -8)?
8
What is 18 + (-9 - -1) - 27?
-17
Evaluate (3 - (-1